 the prime factors of 2606736294?
2, 3, 41, 191, 18493
List the prime factors of 107801838.
2, 3, 5988991
What are the prime factors of 1489625590?
2, 5, 23, 73, 88721
List the prime factors of 581975028.
2, 3, 31, 521483
What are the prime factors of 1484081907?
3, 7, 11, 151, 157, 271
List the prime factors of 4731319769.
11, 430119979
List the prime factors of 75581860.
2, 5, 41, 92173
List the prime factors of 21391373.
571, 37463
List the prime factors of 434772192.
2, 3, 71, 227, 281
List the prime factors of 60624670.
2, 5, 6062467
List the prime factors of 25801661.
643, 40127
What are the prime factors of 3493023147?
3, 37, 2111, 4969
What are the prime factors of 20375799?
3, 6791933
List the prime factors of 47076906.
2, 3, 23, 89, 3833
What are the prime factors of 974286540?
2, 3, 5, 5412703
List the prime factors of 1361713127.
1361713127
List the prime factors of 45428447.
45428447
What are the prime factors of 39933474?
2, 3, 7, 23, 67, 617
List the prime factors of 430702482.
2, 3, 7, 73, 140477
What are the prime factors of 46081888?
2, 487, 2957
What are the prime factors of 385504031?
11, 173, 202577
What are the prime factors of 714917732?
2, 178729433
What are the prime factors of 88547342?
2, 13, 47, 72461
List the prime factors of 28768898.
2, 14384449
What are the prime factors of 45005429?
7, 6429347
List the prime factors of 3992450524.
2, 8273, 120647
What are the prime factors of 2087533481?
11, 189775771
What are the prime factors of 116734082?
2, 71, 127, 6473
What are the prime factors of 399117618?
2, 3, 83, 29683
What are the prime factors of 81599382?
2, 3, 4533299
What are the prime factors of 9205893051?
3, 3068631017
List the prime factors of 179781875.
5, 7, 13, 29, 109
What are the prime factors of 194313448?
2, 7, 787, 4409
What are the prime factors of 138427934?
2, 1549, 44683
What are the prime factors of 182502246?
2, 3, 619, 49139
List the prime factors of 1211945426.
2, 605972713
What are the prime factors of 241159148?
2, 1031, 58477
List the prime factors of 53275728.
2, 3, 11, 23, 41, 107
What are the prime factors of 1731595217?
11, 157417747
List the prime factors of 86907092.
2, 239, 90907
List the prime factors of 400110954.
2, 3, 66685159
List the prime factors of 190700420.
2, 5, 9535021
List the prime factors of 948524438.
2, 474262219
List the prime factors of 3133610318.
2, 1021, 1534579
List the prime factors of 279227520.
2, 3, 5, 11, 13, 113
What are the prime factors of 108457184?
2, 11, 308117
What are the prime factors of 211192529?
29, 7282501
What are the prime factors of 81752339?
81752339
What are the prime factors of 736444159?
11, 66949469
List the prime factors of 6521476.
2, 13, 83, 1511
What are the prime factors of 296079115?
5, 23, 2574601
What are the prime factors of 1876286041?
7, 16333, 16411
List the prime factors of 207836467.
207836467
List the prime factors of 42850342.
2, 29, 223, 3313
List the prime factors of 100849764.
2, 3, 1583, 5309
List the prime factors of 120175968.
2, 3, 11, 317, 359
What are the prime factors of 70171554?
2, 3, 229, 51071
What are the prime factors of 2138663429?
7, 233, 1311259
What are the prime factors of 38144951?
13, 19, 389, 397
What are the prime factors of 441615444?
2, 3, 83, 443389
What are the prime factors of 1465408106?
2, 29, 25265657
List the prime factors of 309630386.
2, 13, 11908861
What are the prime factors of 38162369?
7, 1321, 4127
What are the prime factors of 352666588?
2, 157, 593, 947
What are the prime factors of 242495013?
3, 29, 2787299
What are the prime factors of 134966632?
2, 83, 181, 1123
List the prime factors of 105458712.
2, 3, 4394113
List the prime factors of 41297017.
53, 779189
What are the prime factors of 6389514485?
5, 181, 7060237
What are the prime factors of 102223925?
5, 4088957
List the prime factors of 33207096.
2, 3, 13, 106433
List the prime factors of 333141985.
5, 11, 353, 17159
What are the prime factors of 7113390526?
2, 11, 37, 8738809
What are the prime factors of 5498787263?
5498787263
What are the prime factors of 22477182?
2, 3, 7, 13, 5881
List the prime factors of 520938736.
2, 32558671
What are the prime factors of 177206034?
2, 3, 29534339
What are the prime factors of 1100376460?
2, 5, 53, 71, 14621
List the prime factors of 81990821.
11, 167, 44633
What are the prime factors of 104267306?
2, 11, 13, 364571
List the prime factors of 80180880.
2, 3, 5, 13, 31, 829
List the prime factors of 743941409.
19, 43, 910577
List the prime factors of 5909962045.
5, 13, 193, 471101
What are the prime factors of 840773365?
5, 29, 47, 107, 1153
List the prime factors of 412161835.
5, 199, 401, 1033
What are the prime factors of 62438406?
2, 3, 733, 14197
List the prime factors of 733005459.
3, 263, 309677
What are the prime factors of 156875003?
2939, 53377
List the prime factors of 20874909.
3, 11, 43, 47, 313
List the prime factors of 2074443.
3, 7, 173, 571
What are the prime factors of 21755487?
3, 13, 607, 919
What are the prime factors of 43229398?
2, 2339, 9241
List the prime factors of 2818898.
2, 113, 12473
What are the prime factors of 54080206?
2, 131, 206413
What are the prime factors of 44048353?
47, 53, 17683
What are the prime factors of 2915693079?
3, 13, 74761361
What are the prime factors of 26790891?
3, 8930297
List the prime factors of 43868229.
3, 14622743
List the prime factors of 160279848.
2, 3, 229, 9721
What are the prime factors of 384236817?
3, 128078939
What are the prime factors of 113757571?
397, 286543
List the prime factors of 25284352.
2, 283, 349
What are the prime factors of 33326096?
2, 97, 109, 197
List the prime factors of 3416018583.
3, 1693, 672577
List the prime factors of 93006808.
2, 11625851
List the prime factors of 283544458.
2, 141772229
List the prime factors of 2226255141.
3, 11, 163, 413879
What are the prime factors of 176873055?
3, 5, 2039, 5783
List the prime factors of 2874500533.
71, 353, 114691
List the prime factors of 411147329.
17, 24185137
What are the prime factors of 31553525?
5, 619, 2039
What are the prime factors of 18041185?
5, 47, 76771
What are the prime factors of 256278341?
11, 23298031
List the prime factors of 226726991.
226726991
List the prime factors of 40293136.
2, 13, 307, 631
What are the prime factors of 2996573954?
2, 11, 139, 89083
What are the prime factors of 101611348?
2, 25402837
What are the prime factors of 15666099?
3, 151, 34583
What are the prime factors of 3798835910?
2, 5, 1583, 239977
What are the prime factors of 1009323511?
7, 29, 271, 2621
What are the prime factors of 168978508?
2, 42244627
List the prime factors of 3834102169.
19, 71, 2842181
List the prime factors of 1292553227.
7, 37, 97, 51449
What are the prime factors of 977480406?
2, 3, 7, 31, 83417
List the prime factors of 982553296.
2, 61409581
What are the prime factors of 2320725027?
3, 24889, 31081
What are the prime factors of 684755208?
2, 3, 1056721
What are the prime factors of 211831207?
7, 30261601
What are the prime factors of 196631108?
2, 173, 284149
What are the prime factors of 1227288139?
7, 11, 1399, 11393
List the prime factors of 227450086.
2, 239, 475837
List the prime factors of 2920377.
3, 973459
What are the prime factors of 32182097?
3533, 9109
List the prime factors of 16630220.
2, 5, 443, 1877
List the prime factors of 232973359.
59, 3948701
What are the prime factors of 395428649?
7, 11, 5135437
What are the prime factors of 75499753?
7, 2371, 4549
What are the prime factors of 42642214?
2, 41, 89, 5843
What are the prime factors of 582376185?
3, 5, 149, 86857
What are the prime factors of 329768386?
2, 223, 739391
What are the prime factors of 6601130528?
2, 101, 2042429
What are the prime factors of 222414947?
222414947
List the prime factors of 446500122.
2, 3, 797, 93371
List the prime factors of 972095634.
2, 3, 61, 295111
What are the prime factors of 1079894049?
3, 13, 89, 421, 739
What are the prime factors of 103454926?
2, 199, 259937
List the prime factors of 3700563219.
3, 23, 5959039
What are the prime factors of 85425847?
13, 6571219
What are the prime factors of 148596474?
2, 3, 13, 709, 2687
List the prime factors of 299412.
2, 3, 8317
List the prime factors of 135342771.
3, 139, 